 = 2*s + 8. Let f be r(0). Let u(q) = q**2 - 8*q + 5. Let t be u(f). Suppose 5*i = 2*i + t*a - 10, 4*a - 8 = -5*i. Calculate g(i).
-4
Let g(h) = 4*h + 2. Let k(u) = u**2 - 15*u + 23. Let p be k(14). Suppose -m - 2 = 0, -4*r - 13 - p = 5*m. Give g(r).
-10
Suppose -2*b = -4, -23 = -4*m + 2*b - 7. Suppose m*s - 9 - 6 = 0. Let y(o) = s + 7*o - 3 - o**2 - 2. Give y(7).
-2
Let y(a) be the second derivative of -a**5/20 + a**4/3 + a**3/3 + 5*a**2/2 + 6*a + 6. Calculate y(4).
13
Let x(o) = 2*o**3 + 10*o**2 - 13. Let v(h) = 5*h**3 + 29*h**2 + h - 38. Let b(j) = -3*v(j) + 8*x(j). Determine b(5).
-55
Let z(q) = 2*q - 1. Let b be -1*3 + -3 + 7. Let o(a) = 18*a**3 + a**2 + 2*a - 2. Let f be o(b). Suppose -3*h + f = 13. Calculate z(h).
3
Let r(s) = -s**2 + 4*s - 4. Let o = -5 + 6. Suppose -17 + o = -4*p. Suppose -p*v = 4 - 16. Calculate r(v).
-1
Let a be 3/(28/(-20) - -2). Let j(x) = -6*x**3 + 5*x**2 + 4. Let q(f) = -5*f**3 + 4*f**2 + 4. Let k(v) = a*q(v) - 4*j(v). Calculate k(0).
4
Let c(a) = a + 24*a**2 + 15*a**2 - 11 + 6*a + 6 - 37*a**2. Give c(-7).
44
Let w(o) = 3*o**2 + o - 1. Suppose 0 = -3*c + 65 - 62. What is w(c)?
3
Suppose 6*p + 44 = 7*p. Let u(v) = -8*v + 91 - p - v**2 - 46. What is u(-5)?
16
Suppose 5*o - 530 = -l - 4*l, 5*l - 324 = -3*o. Let h(k) = o*k - 1 - 104*k + k**2 + 1. Determine h(-2).
6
Let m(r) = -r**2 - 13*r - 11. Let w = 286 + -298. What is m(w)?
1
Let s(k) = -k**2 + k - 1. Let a(z) = 10*z + 0*z**2 - 13 - z**2 + 3*z**2 - 5*z**2. Let y(v) = a(v) - 4*s(v). What is y(-7)?
-2
Let b(v) = -3*v**2 + 3 - 3*v**2 + 5*v**2 + v. Suppose -6*y = -y - y. Give b(y).
3
Let d(x) = -7*x**2 + 2*x + 1. Let a(t) = 6*t**2 - t. Let k(y) = 6*a(y) + 5*d(y). Suppose -6*r - 30 = -6. Calculate k(r).
5
Suppose -4*a - 3*a = -35. Let p be (-22)/(-1 + -3 + a). Let r = -25 - p. Let z(o) = o - 1. Give z(r).
-4
Let z(b) = -2*b**2 + 24 - 26 - 2*b**2 + 5*b**2. Let o = 17 - 15. Let r be 9/(-6) - 3/o. Calculate z(r).
7
Let x(o) = -o**3 + 7*o**2 - 6*o + 4. Let a(u) = -14*u - 108. Let y be a(-8). Give x(y).
28
Let x(y) = 2*y**2 + 5*y + 5. Let j(t) = -t - 1. Let m(q) = -5*j(q) - x(q). Let r be 1 + (-10)/(1 - 2). Suppose -14 + r = 3*k. What is m(k)?
-2
Let m be (-1*8/2)/(-1). Suppose 0 = v + 4*a + 19, -5*v - m*a = a + 50. Let z(s) = -s**2 - 7*s - 2. Calculate z(v).
-2
Let c(u) = -u**3 - 1. Let v(p) = -1 + 4*p**2 + 5 + 13*p**3 - 5*p**2 - p. Let k(x) = 3*c(x) + v(x). Let i be -1 + 0 + (-8)/(-4). Determine k(i).
9
Let z(q) = q**2 + 9*q - 9. Suppose -79 = 11*r + 42. Give z(r).
13
Let j(u) = -u**3 - 8*u**2 - 7*u + 8. Let n(z) = -z**3 - 11*z**2 - 13*z + 5. Let k be n(-10). Suppose -k = 4*d + d. Determine j(d).
8
Let j(z) = z - 6. Let o = -1 + 4. Suppose 19 = o*q + 1. Determine j(q).
0
Let f = -719 - -724. Let h(o) = o**2 - 6*o - 4. Calculate h(f).
-9
Let i be 88/(-12) + 2/6. Let l = i + 13. Let c(p) be the second derivative of p**4/12 - 5*p**3/6 + 5*p**2/2 + 21*p. Give c(l).
11
Let j(f) = -7*f + 5. Let a = 48 - 44. Let o(d) = -41*d + 31. Let p(s) = 8*s - 6. Let l(r) = -2*o(r) - 11*p(r). Let c(q) = a*l(q) - 3*j(q). What is c(2)?
-5
Let b = -1 - 3. Let u(o) be the third derivative of o**5/120 + o**4/8 + 5*o**3/3 + 16*o**2. Let d(i) be the first derivative of u(i). Calculate d(b).
-1
Suppose 2*t = -5*z + 18, t - 4*t = z - 14. Let o(l) = -l**2 + 9*l - 3. Determine o(t).
17
Let w = 27 - 25. Let a(k) = 8*k**w - 5*k**2 + 9*k - 10*k + 10*k**2. Determine a(1).
12
Let n(x) = -x**3 - 7*x**2 - x - 8. Let y be 35/10*(-4)/2. Calculate n(y).
-1
Let v(s) = -160 + s**2 - s + 326 - 170. Determine v(-3).
8
Let q(n) = -7*n**2 - 14*n + 2. Let x(h) = -4*h**2 - 7*h + 1. Let a(f) = 3*q(f) - 5*x(f). Let z(u) = -3*u**2 + u - 1. Let j be z(1). Calculate a(j).
13
Suppose -6*m + 5*m + 5 = 0. Suppose 0 = 3*w + m*b - 5, -4*b = -4*w + 2*w + 18. Let i(q) = q**3 - 5*q**2 + q + 1. Calculate i(w).
6
Let c(u) = -2*u + 1. Let d(x) = -11*x + 1. Let v be d(1). Let k = -11 - v. Let p be c(k). Let t(o) = -o**3 + 3*o**2 + 2*o + 2. Calculate t(p).
8
Suppose 4*r - r = -2*c - 7, -r = 4*c + 9. Let j(s) be the third derivative of -1/3*s**3 + s**2 - 1/120*s**6 + 0 + 0*s - 1/12*s**4 - 1/30*s**5. Give j(c).
2
Let h(j) be the second derivative of 4*j + 0*j**3 - 7/2*j**2 + 0 + 1/20*j**5 - 1/12*j**4. Calculate h(0).
-7
Let s be (-371)/(-77) - (-2)/11. Let x(k) = -5 - s - 4*k - 7*k + 10*k. Determine x(-7).
-3
Let n(d) = -3*d**2 + 13*d + 10. Let v(h) = 7*h**2 - 25*h - 20. Let i(r) = 9*n(r) + 4*v(r). Let c be i(-17). Let m(o) = -o**3 + 10*o**2 - o + 1. Determine m(c).
-9
Suppose -7*s = -4*s - 9. Suppose -4*m = s - 11. Let l(o) = -2*o**2 + 2*o. What is l(m)?
-4
Let b(h) be the third derivative of h**6/120 + h**5/10 + 5*h**4/24 + h**3/2 + 104*h**2. Calculate b(-5).
3
Let j(m) be the first derivative of -1/3*m**3 - 13 - 3/2*m**2 + 0*m. Suppose -3 = -2*b + 3. Calculate j(b).
-18
Let w(h) be the third derivative of h**4/8 - h**2 + 17. What is w(-1)?
-3
Let h(k) = 6*k + 9*k - 16*k + 6. Suppose -4*r = 5*b - 53, -2*b = 3*r - 18 - 13. Give h(r).
-1
Let o(u) = u. Let k(f) be the first derivative of -f**2/2 + f + 7. Suppose b - 25 = -4*b. Let i(w) = b*o(w) + 6*k(w). Calculate i(7).
-1
Let u be (3/(-6))/((-4)/40). Suppose -3*c = c - 16, u*q = 3*c + 3. Let b(h) = h**3 - 4*h**2 + 2*h. What is b(q)?
-3
Let t(j) = -j**3 + 28*j**2 - 26*j - 22. Let y(g) = 2*g**2 + g - 1. Let s(o) = -t(o) + 5*y(o). What is s(16)?
1
Let a(i) = i + 2. Let j(z) = -3*z - 5. Let x(h) = 5*a(h) + 2*j(h). Suppose 5*q = 3*q. Let t be -4 + q + -2 + 3. What is x(t)?
3
Let d(f) = 2*f - 4. Let w = -728 - -734. Give d(w).
8
Let y(d) be the first derivative of -73*d**2/2 + 579. Determine y(1).
-73
Let o(h) = h + 2. Let q(x) = x - 12. Let s be 2*(-1 - (-9)/2). Let l be q(s). Calculate o(l).
-3
Let s(t) = -5*t. Suppose -2*v = -8*k + 3*k, 5*v = 2*k. Let y(n) = -n**3 - n**2 + n - 1. Let z be y(k). Calculate s(z).
5
Let l(f) = -2*f - f + 0*f. Suppose 124 = -11*r - 162. Let q be ((-4)/(-30) - r/30) + 0. What is l(q)?
-3
Let m be 2/(-6) + (-34)/(-3). Let x(j) = 5*j**2 - j + 5. Let v(o) = 15*o**2 - 3*o + 14. Let p(b) = m*x(b) - 4*v(b). Determine p(1).
-5
Suppose 4 - 6 = -d. Let a(r) = -5*r - 3. Let o(y) = -6*y - 2. Let b(p) = d*a(p) - 3*o(p). Calculate b(-1).
-8
Let x(q) = -12*q**2 - 1. Suppose 4*c + 19 = 5*r, 4*r - 3 = 9. Calculate x(c).
-13
Let w(o) = -5*o**2 - 3*o + 18. Suppose 12*a = 8*a - 16. Let g(x) = 4*x**2 + 2*x - 17. Let k(v) = a*g(v) - 3*w(v). Determine k(0).
14
Let j(q) = -q**3 + 5*q**2 - q - 6. Let v be (-3)/(-18) - 145/(-30). What is j(v)?
-11
Let n(p) be the second derivative of -4*p**3/3 - 16*p**2 - 359*p. Determine n(-4).
0
Let f(i) be the third derivative of i**4/12 - 5*i**3/3 + 497*i**2. Give f(6).
2
Let f = -29 + 45. Let z be ((-2)/(-1))/(3/36*8). Let w(t) = 4 - 4*t**2 - 2*t**2 - 17*t**z + f*t**3 - 4*t. Determine w(-5).
-1
Let v(o) = -6 + 1 + 14110*o - o**2 - 14104*o. Suppose -8 = -2*p + 4. Calculate v(p).
-5
Let g = 10 - 7. Suppose 6 = 5*d + 3*a - 19, g*d = 4*a - 14. Let s(w) = -1 + 4 - w - w. Calculate s(d).
-1
Suppose 0 = 3*d - 7*d + 8. Suppose -3*v + d*v = -28. Let s(h) = h**3 + 2 - 2*h + 34*h**2 - v*h**2 + 3*h. Determine s(-6).
-4
Let b(d) = -d**2 + 4*d + 1. Suppose -8 = -0*s - 4*s. Suppose n + 4*q = 13, 0 = -n + 2*q - q - s. Suppose -5*x + 26 = n. Calculate b(x).
-4
Let y(d) = -5*d**2 + 3*d - 5. Let t(q) = 6*q**2 - 2*q + 5. Let j = -61 - -56. Let o(m) = j*y(m) - 4*t(m). Give o(6).
-1
Suppose 8*d = 5 - 45. Let k(s) = s**3 + 2*s**2 - 4*s - 2. Let p be k(-3). Let y(w) = -1 - 4*w - p - w + 4 - w**2. Give y(d).
2
Let r(y) be the second derivative of y**5/20 - y**4/12 - y**3/6 - 5*y**2/2 + 8*y + 1. Let g be (1 - 1)/((-2)/2). Let a = 0 - g. Give r(a).
-5
Let r be (11 - 3)/4 + 0. Suppose j - r = 1. Let f(y) = 7*y - 6 - j*y - 5*y. Calculate f(0).
-6
Let q(y) be the second derivative of -y**4/24 - y**3/6 - 23*y**2/2 + 16*y. Let k(p) be the first derivative of q(p). What is k(1)?
-2
Let i be (-2)/21 + 5328/378. Let n(c) = -c**2 + 12*c + 28. Give n(i).
0
Suppose -3*y = -4*y + 2. Let h(k) = -9 + 2 + 6*k + 2*k**2 - 4*k**2 + k**3 - 4*k**y. Let u be h(5). Let b(o) = 4*o + 2. Determine b(u).
-6
Let s(v) = 2*v + 0*v + 84 - v - 79. Let k(o) = o**2 + 9*o - 26. Let g be k(-11). Give s(g).
1
Let t(x) = 2*x**2 - 5*x - 19. Let h be t(4). Let g(y) = y**3 + 7*y**2 + 2*y + 10. Give g(h).
-4
Le